{"id":990,"date":"2019-02-26T18:11:04","date_gmt":"2019-02-26T17:11:04","guid":{"rendered":"http:\/\/fv-montanregion-erzgebirge.de\/montan\/?page_id=990"},"modified":"2022-02-17T12:52:38","modified_gmt":"2022-02-17T11:52:38","slug":"berggeschrey","status":"publish","type":"page","link":"https:\/\/fv-montanregion-erzgebirge.de\/montan\/berggeschrey\/","title":{"rendered":"Berggeschrey"},"content":{"rendered":"\n<style type=\"text\/css\" data-created_by=\"avia_inline_auto\" id=\"style-css-av-jsm119p9-5ccbe92ddccf2a63b6ba21fe0c688cd1\">\n.avia-section.av-jsm119p9-5ccbe92ddccf2a63b6ba21fe0c688cd1 .av-parallax .av-parallax-inner{\nbackground-color:#ffaa00;\nbackground-image:url(https:\/\/fv-montanregion-erzgebirge.de\/montan\/wp-content\/uploads\/2019\/06\/b6.jpg);\nbackground-repeat:no-repeat;\nbackground-position:50% 50%;\nbackground-attachment:scroll;\n}\n.avia-section.av-jsm119p9-5ccbe92ddccf2a63b6ba21fe0c688cd1 .av-section-color-overlay{\nopacity:0.5;\n}\n<\/style>\n<div id='av_section_1'  class='avia-section av-jsm119p9-5ccbe92ddccf2a63b6ba21fe0c688cd1 main_color avia-section-default avia-no-shadow  avia-builder-el-0  el_before_av_one_half  avia-builder-el-first  av-parallax-section avia-bg-style-parallax av-section-color-overlay-active container_wrap fullsize'  data-section-bg-repeat='no-repeat'><div class='av-parallax' data-avia-parallax-ratio='0.3' ><div class='av-parallax-inner main_color avia-full-stretch'><\/div><\/div><div class=\"av-section-color-overlay-wrap\"><div class=\"av-section-color-overlay\"><\/div><div class='container av-section-cont-open' ><main  role=\"main\" itemprop=\"mainContentOfPage\"  class='template-page content  av-content-full alpha units'><div class='post-entry post-entry-type-page post-entry-990'><div class='entry-content-wrapper clearfix'>\n\n<style type=\"text\/css\" data-created_by=\"avia_inline_auto\" id=\"style-css-av-jsm15yu3-1f26af2e8c171f8b544efe293afd1e9f\">\n#top .av-special-heading.av-jsm15yu3-1f26af2e8c171f8b544efe293afd1e9f{\npadding-bottom:10px;\ncolor:#ffffff;\n}\nbody .av-special-heading.av-jsm15yu3-1f26af2e8c171f8b544efe293afd1e9f .av-special-heading-tag .heading-char{\nfont-size:25px;\n}\n.av-special-heading.av-jsm15yu3-1f26af2e8c171f8b544efe293afd1e9f .special-heading-inner-border{\nborder-color:#ffffff;\n}\n.av-special-heading.av-jsm15yu3-1f26af2e8c171f8b544efe293afd1e9f .av-subheading{\nfont-size:15px;\n}\n<\/style>\n<div  class='av-special-heading av-jsm15yu3-1f26af2e8c171f8b544efe293afd1e9f av-special-heading-h1 custom-color-heading blockquote classic-quote  avia-builder-el-1  avia-builder-el-no-sibling '><h1 class='av-special-heading-tag'  itemprop=\"headline\"  ><mark> BERGGESCHREY <\/mark><\/h1><div class=\"special-heading-border\"><div class=\"special-heading-inner-border\"><\/div><\/div><\/div>\n<\/div><\/div><\/main><!-- close content main element --><\/div><\/div><\/div><div id='after_section_1'  class='main_color av_default_container_wrap container_wrap fullsize'  ><div class='container av-section-cont-open' ><div class='template-page content  av-content-full alpha units'><div class='post-entry post-entry-type-page post-entry-990'><div class='entry-content-wrapper clearfix'>\n\n<style type=\"text\/css\" data-created_by=\"avia_inline_auto\" id=\"style-css-av-pb45a-a3e622d857ba9afa88b7c2da8c4e6155\">\n.flex_column.av-pb45a-a3e622d857ba9afa88b7c2da8c4e6155{\n-webkit-border-radius:0px 0px 0px 0px;\n-moz-border-radius:0px 0px 0px 0px;\nborder-radius:0px 0px 0px 0px;\npadding:0px 0px 0px 0px;\n}\n<\/style>\n<div class='flex_column av-pb45a-a3e622d857ba9afa88b7c2da8c4e6155 av_one_half  avia-builder-el-2  el_after_av_section  el_before_av_one_fourth  avia-builder-el-first  first flex_column_div av-zero-column-padding '     ><style type=\"text\/css\" data-created_by=\"avia_inline_auto\" id=\"style-css-av-jwhhjs3m-3648dd6ecebcb91d93d1afde15992091\">\n.avia-image-container.av-jwhhjs3m-3648dd6ecebcb91d93d1afde15992091 img.avia_image{\nbox-shadow:none;\n}\n.avia-image-container.av-jwhhjs3m-3648dd6ecebcb91d93d1afde15992091 .av-image-caption-overlay-center{\ncolor:#ffffff;\n}\n<\/style>\n<div  class='avia-image-container av-jwhhjs3m-3648dd6ecebcb91d93d1afde15992091 av-styling- avia-align-right  avia-builder-el-3  avia-builder-el-no-sibling '   itemprop=\"image\" itemscope=\"itemscope\" itemtype=\"https:\/\/schema.org\/ImageObject\" ><div class=\"avia-image-container-inner\"><div class=\"avia-image-overlay-wrap\"><img decoding=\"async\" class='wp-image-936 avia-img-lazy-loading-not-936 avia_image ' src=\"https:\/\/fv-montanregion-erzgebirge.de\/montan\/wp-content\/uploads\/2019\/01\/Berggeschrey.2018_Logo.png\" alt='' title='Berggeschrey.2018_Logo'  height=\"154\" width=\"497\"  itemprop=\"thumbnailUrl\" srcset=\"https:\/\/fv-montanregion-erzgebirge.de\/montan\/wp-content\/uploads\/2019\/01\/Berggeschrey.2018_Logo.png 497w, https:\/\/fv-montanregion-erzgebirge.de\/montan\/wp-content\/uploads\/2019\/01\/Berggeschrey.2018_Logo-300x93.png 300w, https:\/\/fv-montanregion-erzgebirge.de\/montan\/wp-content\/uploads\/2019\/01\/Berggeschrey.2018_Logo-495x154.png 495w, https:\/\/fv-montanregion-erzgebirge.de\/montan\/wp-content\/uploads\/2019\/01\/Berggeschrey.2018_Logo-450x139.png 450w\" sizes=\"(max-width: 497px) 100vw, 497px\" \/><\/div><\/div><\/div><\/div>\n\n<style type=\"text\/css\" data-created_by=\"avia_inline_auto\" id=\"style-css-av-302jem-e9e2f98dd9aa5792015d1a7f7d70b826\">\n.flex_column.av-302jem-e9e2f98dd9aa5792015d1a7f7d70b826{\n-webkit-border-radius:0px 0px 0px 0px;\n-moz-border-radius:0px 0px 0px 0px;\nborder-radius:0px 0px 0px 0px;\npadding:0px 0px 0px 0px;\n}\n<\/style>\n<div class='flex_column av-302jem-e9e2f98dd9aa5792015d1a7f7d70b826 av_one_fourth  avia-builder-el-4  el_after_av_one_half  el_before_av_one_half  flex_column_div av-zero-column-padding '     ><style type=\"text\/css\" data-created_by=\"avia_inline_auto\" id=\"style-css-av-k1z3dzcc-c62f0f4cb639bd9560cddf14da93f080\">\n.avia-image-container.av-k1z3dzcc-c62f0f4cb639bd9560cddf14da93f080 img.avia_image{\nbox-shadow:none;\n}\n.avia-image-container.av-k1z3dzcc-c62f0f4cb639bd9560cddf14da93f080 .av-image-caption-overlay-center{\ncolor:#ffffff;\n}\n<\/style>\n<div  class='avia-image-container av-k1z3dzcc-c62f0f4cb639bd9560cddf14da93f080 av-styling- avia-align-left  avia-builder-el-5  avia-builder-el-no-sibling '   itemprop=\"image\" itemscope=\"itemscope\" itemtype=\"https:\/\/schema.org\/ImageObject\" ><div class=\"avia-image-container-inner\"><div class=\"avia-image-overlay-wrap\"><img decoding=\"async\" class='wp-image-1379 avia-img-lazy-loading-not-1379 avia_image ' src=\"https:\/\/fv-montanregion-erzgebirge.de\/montan\/wp-content\/uploads\/2019\/10\/13-LEADER_DurchfuehrungLES-495x354.png\" alt='' title='13-LEADER_DurchfuehrungLES'  height=\"354\" width=\"495\"  itemprop=\"thumbnailUrl\" srcset=\"https:\/\/fv-montanregion-erzgebirge.de\/montan\/wp-content\/uploads\/2019\/10\/13-LEADER_DurchfuehrungLES-495x354.png 495w, https:\/\/fv-montanregion-erzgebirge.de\/montan\/wp-content\/uploads\/2019\/10\/13-LEADER_DurchfuehrungLES-260x185.png 260w\" sizes=\"(max-width: 495px) 100vw, 495px\" \/><\/div><\/div><\/div><\/div>\n\n<style type=\"text\/css\" data-created_by=\"avia_inline_auto\" id=\"style-css-av-3fkr32-9d15eae3bfb651334c790a95c5261817\">\n.flex_column.av-3fkr32-9d15eae3bfb651334c790a95c5261817{\n-webkit-border-radius:0px 0px 0px 0px;\n-moz-border-radius:0px 0px 0px 0px;\nborder-radius:0px 0px 0px 0px;\npadding:0px 0px 0px 0px;\n}\n<\/style>\n<div class='flex_column av-3fkr32-9d15eae3bfb651334c790a95c5261817 av_one_half  avia-builder-el-6  el_after_av_one_fourth  el_before_av_one_half  first flex_column_div av-zero-column-padding column-top-margin'     ><section  class='av_textblock_section av-39msxa-9e170d11c7214d7aec9dc83bc383f452'  itemscope=\"itemscope\" itemtype=\"https:\/\/schema.org\/CreativeWork\" ><div class='avia_textblock'  itemprop=\"text\" ><p>Entwicklung und Durchf\u00fchrung von Angeboten zur St\u00e4rkung des Ehrenamtes und der Nachwuchsgewinnung in Vereinen mit bergm\u00e4nnischen und bergbaulichen Profil in den beteiligten LEADER-Regionen.<\/p>\n<\/div><\/section><\/div>\n\n<style type=\"text\/css\" data-created_by=\"avia_inline_auto\" id=\"style-css-av-3fkr32-4dda46c2fa58452a7a9435806b6c5f06\">\n.flex_column.av-3fkr32-4dda46c2fa58452a7a9435806b6c5f06{\n-webkit-border-radius:0px 0px 0px 0px;\n-moz-border-radius:0px 0px 0px 0px;\nborder-radius:0px 0px 0px 0px;\npadding:0px 0px 0px 0px;\n}\n<\/style>\n<div class='flex_column av-3fkr32-4dda46c2fa58452a7a9435806b6c5f06 av_one_half  avia-builder-el-8  el_after_av_one_half  el_before_av_one_third  flex_column_div av-zero-column-padding column-top-margin'     ><section  class='av_textblock_section av-39msxa-9e170d11c7214d7aec9dc83bc383f452'  itemscope=\"itemscope\" itemtype=\"https:\/\/schema.org\/CreativeWork\" ><div class='avia_textblock'  itemprop=\"text\" ><p>Dazu soll eine Netzwerkbildung bzw. eine Netzwerkst\u00e4rkung sowie die Koordinierung des Netzwerkes realisiert werden.<\/p>\n<\/div><\/section><\/div>\n\n<style type=\"text\/css\" data-created_by=\"avia_inline_auto\" id=\"style-css-av-2qkxke-3dbea6473b3072acffc11329b289e9ae\">\n.flex_column.av-2qkxke-3dbea6473b3072acffc11329b289e9ae{\n-webkit-border-radius:0px 0px 0px 0px;\n-moz-border-radius:0px 0px 0px 0px;\nborder-radius:0px 0px 0px 0px;\npadding:0px 0px 0px 0px;\n}\n<\/style>\n<div class='flex_column av-2qkxke-3dbea6473b3072acffc11329b289e9ae av_one_third  avia-builder-el-10  el_after_av_one_half  el_before_av_one_third  first flex_column_div av-zero-column-padding column-top-margin'     ><p>\n<style type=\"text\/css\" data-created_by=\"avia_inline_auto\" id=\"style-css-av-2jcepi-3c29eac1847d17ea6a4aaa375eadcd02\">\n#top .hr.av-2jcepi-3c29eac1847d17ea6a4aaa375eadcd02{\nmargin-top:25px;\nmargin-bottom:25px;\n}\n.hr.av-2jcepi-3c29eac1847d17ea6a4aaa375eadcd02 .hr-inner{\nwidth:50px;\nborder-color:#afafaf;\nmax-width:45%;\n}\n.hr.av-2jcepi-3c29eac1847d17ea6a4aaa375eadcd02 .av-seperator-icon{\ncolor:#ffaa00;\n}\n<\/style>\n<div  class='hr av-2jcepi-3c29eac1847d17ea6a4aaa375eadcd02 hr-custom  avia-builder-el-11  el_before_av_heading  avia-builder-el-first  hr-center hr-icon-yes'><span class='hr-inner inner-border-av-border-thin'><span class=\"hr-inner-style\"><\/span><\/span><span class='av-seperator-icon' aria-hidden='true' data-av_icon='\ue87b' data-av_iconfont='entypo-fontello'><\/span><span class='hr-inner inner-border-av-border-thin'><span class=\"hr-inner-style\"><\/span><\/span><\/div><br \/>\n\n<style type=\"text\/css\" data-created_by=\"avia_inline_auto\" id=\"style-css-av-ksvva-0a1d784405d03364ac4f7289b9dc643b\">\n#top .av-special-heading.av-ksvva-0a1d784405d03364ac4f7289b9dc643b{\npadding-bottom:10px;\n}\nbody .av-special-heading.av-ksvva-0a1d784405d03364ac4f7289b9dc643b .av-special-heading-tag .heading-char{\nfont-size:25px;\n}\n.av-special-heading.av-ksvva-0a1d784405d03364ac4f7289b9dc643b .av-subheading{\nfont-size:15px;\n}\n<\/style>\n<div  class='av-special-heading av-ksvva-0a1d784405d03364ac4f7289b9dc643b av-special-heading-h4 blockquote modern-quote modern-centered  avia-builder-el-12  el_after_av_hr  el_before_av_hr  av-linked-heading'><h4 class='av-special-heading-tag'  itemprop=\"headline\"  ><a class=\"av-heading-link\" href=\"https:\/\/fv-montanregion-erzgebirge.de\/montan\/die-ziele-von-berggeschrey\/\">Ziele von Berggeschrey<\/a><\/h4><div class='av-subheading av-subheading_below'><p>Was wir erreichen wollen<\/p>\n<\/div><div class=\"special-heading-border\"><div class=\"special-heading-inner-border\"><\/div><\/div><\/div><br \/>\n\n<style type=\"text\/css\" data-created_by=\"avia_inline_auto\" id=\"style-css-av-2a1qva-943dbe38e1e84fb236e526f4d5caed49\">\n#top .hr.hr-invisible.av-2a1qva-943dbe38e1e84fb236e526f4d5caed49{\nheight:25px;\n}\n<\/style>\n<div  class='hr av-2a1qva-943dbe38e1e84fb236e526f4d5caed49 hr-invisible  avia-builder-el-13  el_after_av_heading  el_before_av_image '><span class='hr-inner '><span class=\"hr-inner-style\"><\/span><\/span><\/div><br \/>\n\n<style type=\"text\/css\" data-created_by=\"avia_inline_auto\" id=\"style-css-av-22iw3i-170a74b0b740b271d4cd4494a5953022\">\n.avia-image-container.av-22iw3i-170a74b0b740b271d4cd4494a5953022 img.avia_image{\nbox-shadow:none;\n}\n.avia-image-container.av-22iw3i-170a74b0b740b271d4cd4494a5953022 .av-image-caption-overlay-center{\ncolor:#ffffff;\n}\n<\/style>\n<div  class='avia-image-container av-22iw3i-170a74b0b740b271d4cd4494a5953022 av-styling-circle avia-align-center  avia-builder-el-14  el_after_av_hr  avia-builder-el-last '   itemprop=\"image\" itemscope=\"itemscope\" itemtype=\"https:\/\/schema.org\/ImageObject\" ><div class=\"avia-image-container-inner\"><div class=\"avia-image-overlay-wrap\"><a href=\"http:\/\/fv-montanregion-erzgebirge.de\/montan\/die-ziele-von-berggeschrey\/\" class='avia_image' ><img decoding=\"async\" class='wp-image-1110 avia-img-lazy-loading-not-1110 avia_image ' src=\"https:\/\/fv-montanregion-erzgebirge.de\/montan\/wp-content\/uploads\/2019\/06\/b3-80x80.jpg\" alt='' title='b3'  height=\"80\" width=\"80\"  itemprop=\"thumbnailUrl\" srcset=\"https:\/\/fv-montanregion-erzgebirge.de\/montan\/wp-content\/uploads\/2019\/06\/b3-80x80.jpg 80w, https:\/\/fv-montanregion-erzgebirge.de\/montan\/wp-content\/uploads\/2019\/06\/b3-36x36.jpg 36w, https:\/\/fv-montanregion-erzgebirge.de\/montan\/wp-content\/uploads\/2019\/06\/b3-180x180.jpg 180w, https:\/\/fv-montanregion-erzgebirge.de\/montan\/wp-content\/uploads\/2019\/06\/b3-120x120.jpg 120w, https:\/\/fv-montanregion-erzgebirge.de\/montan\/wp-content\/uploads\/2019\/06\/b3-450x450.jpg 450w\" sizes=\"(max-width: 80px) 100vw, 80px\" \/><\/a><\/div><\/div><\/div><\/p><\/div>\n\n<style type=\"text\/css\" data-created_by=\"avia_inline_auto\" id=\"style-css-av-1x17l2-177ae20f5b99c235cff45250f6677be7\">\n.flex_column.av-1x17l2-177ae20f5b99c235cff45250f6677be7{\n-webkit-border-radius:0px 0px 0px 0px;\n-moz-border-radius:0px 0px 0px 0px;\nborder-radius:0px 0px 0px 0px;\npadding:0px 0px 0px 0px;\n}\n<\/style>\n<div class='flex_column av-1x17l2-177ae20f5b99c235cff45250f6677be7 av_one_third  avia-builder-el-15  el_after_av_one_third  el_before_av_one_third  flex_column_div av-zero-column-padding column-top-margin'     ><p>\n<style type=\"text\/css\" data-created_by=\"avia_inline_auto\" id=\"style-css-av-1oxcn2-49e24aed326226e3d7e6c53f4cf350dd\">\n#top .hr.av-1oxcn2-49e24aed326226e3d7e6c53f4cf350dd{\nmargin-top:25px;\nmargin-bottom:25px;\n}\n.hr.av-1oxcn2-49e24aed326226e3d7e6c53f4cf350dd .hr-inner{\nwidth:50px;\nborder-color:#afafaf;\nmax-width:45%;\n}\n.hr.av-1oxcn2-49e24aed326226e3d7e6c53f4cf350dd .av-seperator-icon{\ncolor:#ffaa00;\n}\n<\/style>\n<div  class='hr av-1oxcn2-49e24aed326226e3d7e6c53f4cf350dd hr-custom  avia-builder-el-16  el_before_av_heading  avia-builder-el-first  hr-center hr-icon-yes'><span class='hr-inner inner-border-av-border-thin'><span class=\"hr-inner-style\"><\/span><\/span><span class='av-seperator-icon' aria-hidden='true' data-av_icon='\ue87b' data-av_iconfont='entypo-fontello'><\/span><span class='hr-inner inner-border-av-border-thin'><span class=\"hr-inner-style\"><\/span><\/span><\/div><br \/>\n\n<style type=\"text\/css\" data-created_by=\"avia_inline_auto\" id=\"style-css-av-k3fp7j4g-87e829012a7d954ee2fedab82590f200\">\n#top .av-special-heading.av-k3fp7j4g-87e829012a7d954ee2fedab82590f200{\npadding-bottom:10px;\n}\nbody .av-special-heading.av-k3fp7j4g-87e829012a7d954ee2fedab82590f200 .av-special-heading-tag .heading-char{\nfont-size:25px;\n}\n.av-special-heading.av-k3fp7j4g-87e829012a7d954ee2fedab82590f200 .av-subheading{\nfont-size:15px;\n}\n<\/style>\n<div  class='av-special-heading av-k3fp7j4g-87e829012a7d954ee2fedab82590f200 av-special-heading-h4 blockquote modern-quote modern-centered  avia-builder-el-17  el_after_av_hr  el_before_av_hr  av-linked-heading'><h4 class='av-special-heading-tag'  itemprop=\"headline\"  ><a class=\"av-heading-link\" href=\"https:\/\/fv-montanregion-erzgebirge.de\/montan\/veranstaltungen-berggeschrey\/\">Veranstaltungen<\/a><\/h4><div class='av-subheading av-subheading_below'><p>\u00dcbersicht der geplanten und realisierten Veranstaltungen<\/p>\n<\/div><div class=\"special-heading-border\"><div class=\"special-heading-inner-border\"><\/div><\/div><\/div><br \/>\n\n<style type=\"text\/css\" data-created_by=\"avia_inline_auto\" id=\"style-css-av-1ce5l2-606e000dd48932cf4179cb95fec09d03\">\n#top .hr.hr-invisible.av-1ce5l2-606e000dd48932cf4179cb95fec09d03{\nheight:25px;\n}\n<\/style>\n<div  class='hr av-1ce5l2-606e000dd48932cf4179cb95fec09d03 hr-invisible  avia-builder-el-18  el_after_av_heading  el_before_av_image '><span class='hr-inner '><span class=\"hr-inner-style\"><\/span><\/span><\/div><br \/>\n\n<style type=\"text\/css\" data-created_by=\"avia_inline_auto\" id=\"style-css-av-16oi1a-58b9f3ac3396a19343428e7fe63429ec\">\n.avia-image-container.av-16oi1a-58b9f3ac3396a19343428e7fe63429ec img.avia_image{\nbox-shadow:none;\n}\n.avia-image-container.av-16oi1a-58b9f3ac3396a19343428e7fe63429ec .av-image-caption-overlay-center{\ncolor:#ffffff;\n}\n<\/style>\n<div  class='avia-image-container av-16oi1a-58b9f3ac3396a19343428e7fe63429ec av-styling-circle avia-align-center  avia-builder-el-19  el_after_av_hr  avia-builder-el-last '   itemprop=\"image\" itemscope=\"itemscope\" itemtype=\"https:\/\/schema.org\/ImageObject\" ><div class=\"avia-image-container-inner\"><div class=\"avia-image-overlay-wrap\"><a href=\"http:\/\/fv-montanregion-erzgebirge.de\/montan\/veranstaltungen-berggeschrey\/\" class='avia_image' ><img decoding=\"async\" class='wp-image-1112 avia-img-lazy-loading-not-1112 avia_image ' src=\"https:\/\/fv-montanregion-erzgebirge.de\/montan\/wp-content\/uploads\/2019\/06\/b5-80x80.jpg\" alt='' title='b5'  height=\"80\" width=\"80\"  itemprop=\"thumbnailUrl\" srcset=\"https:\/\/fv-montanregion-erzgebirge.de\/montan\/wp-content\/uploads\/2019\/06\/b5-80x80.jpg 80w, https:\/\/fv-montanregion-erzgebirge.de\/montan\/wp-content\/uploads\/2019\/06\/b5-36x36.jpg 36w, https:\/\/fv-montanregion-erzgebirge.de\/montan\/wp-content\/uploads\/2019\/06\/b5-180x180.jpg 180w, https:\/\/fv-montanregion-erzgebirge.de\/montan\/wp-content\/uploads\/2019\/06\/b5-120x120.jpg 120w, https:\/\/fv-montanregion-erzgebirge.de\/montan\/wp-content\/uploads\/2019\/06\/b5-450x450.jpg 450w\" sizes=\"(max-width: 80px) 100vw, 80px\" \/><\/a><\/div><\/div><\/div><\/p><\/div>\n\n<style type=\"text\/css\" data-created_by=\"avia_inline_auto\" id=\"style-css-av-13xyyu-b705933ad511b6ef2b2c0dd89faf8c58\">\n.flex_column.av-13xyyu-b705933ad511b6ef2b2c0dd89faf8c58{\n-webkit-border-radius:0px 0px 0px 0px;\n-moz-border-radius:0px 0px 0px 0px;\nborder-radius:0px 0px 0px 0px;\npadding:0px 0px 0px 0px;\n}\n<\/style>\n<div class='flex_column av-13xyyu-b705933ad511b6ef2b2c0dd89faf8c58 av_one_third  avia-builder-el-20  el_after_av_one_third  el_before_av_hr  flex_column_div av-zero-column-padding column-top-margin'     ><p>\n<style type=\"text\/css\" data-created_by=\"avia_inline_auto\" id=\"style-css-av-ugopa-d5bb243d17ef754b17d8b2e36732d8f1\">\n#top .hr.av-ugopa-d5bb243d17ef754b17d8b2e36732d8f1{\nmargin-top:25px;\nmargin-bottom:25px;\n}\n.hr.av-ugopa-d5bb243d17ef754b17d8b2e36732d8f1 .hr-inner{\nwidth:50px;\nborder-color:#afafaf;\nmax-width:45%;\n}\n.hr.av-ugopa-d5bb243d17ef754b17d8b2e36732d8f1 .av-seperator-icon{\ncolor:#ffaa00;\n}\n<\/style>\n<div  class='hr av-ugopa-d5bb243d17ef754b17d8b2e36732d8f1 hr-custom  avia-builder-el-21  el_before_av_heading  avia-builder-el-first  hr-center hr-icon-yes'><span class='hr-inner inner-border-av-border-thin'><span class=\"hr-inner-style\"><\/span><\/span><span class='av-seperator-icon' aria-hidden='true' data-av_icon='\ue87b' data-av_iconfont='entypo-fontello'><\/span><span class='hr-inner inner-border-av-border-thin'><span class=\"hr-inner-style\"><\/span><\/span><\/div><br \/>\n\n<style type=\"text\/css\" data-created_by=\"avia_inline_auto\" id=\"style-css-av-b6v2u-06e04bd474b1955675d842078a6b394e\">\n#top .av-special-heading.av-b6v2u-06e04bd474b1955675d842078a6b394e{\npadding-bottom:10px;\n}\nbody .av-special-heading.av-b6v2u-06e04bd474b1955675d842078a6b394e .av-special-heading-tag .heading-char{\nfont-size:25px;\n}\n.av-special-heading.av-b6v2u-06e04bd474b1955675d842078a6b394e .av-subheading{\nfont-size:15px;\n}\n<\/style>\n<div  class='av-special-heading av-b6v2u-06e04bd474b1955675d842078a6b394e av-special-heading-h4 blockquote modern-quote modern-centered  avia-builder-el-22  el_after_av_hr  el_before_av_hr  av-linked-heading'><h4 class='av-special-heading-tag'  itemprop=\"headline\"  ><a class=\"av-heading-link\" href=\"https:\/\/fv-montanregion-erzgebirge.de\/montan\/kontakt\/\">Kontakt<\/a><\/h4><div class='av-subheading av-subheading_below'><p>Wir helfen gerne weiter<\/p>\n<\/div><div class=\"special-heading-border\"><div class=\"special-heading-inner-border\"><\/div><\/div><\/div><br \/>\n\n<style type=\"text\/css\" data-created_by=\"avia_inline_auto\" id=\"style-css-av-la5s6-fc06fea0188c55c2800ee0912944e9e1\">\n#top .hr.hr-invisible.av-la5s6-fc06fea0188c55c2800ee0912944e9e1{\nheight:25px;\n}\n<\/style>\n<div  class='hr av-la5s6-fc06fea0188c55c2800ee0912944e9e1 hr-invisible  avia-builder-el-23  el_after_av_heading  el_before_av_image '><span class='hr-inner '><span class=\"hr-inner-style\"><\/span><\/span><\/div><br \/>\n\n<style type=\"text\/css\" data-created_by=\"avia_inline_auto\" id=\"style-css-av-1n4um-c37cd3bc25a743e104de84943e44ace6\">\n.avia-image-container.av-1n4um-c37cd3bc25a743e104de84943e44ace6 img.avia_image{\nbox-shadow:none;\n}\n.avia-image-container.av-1n4um-c37cd3bc25a743e104de84943e44ace6 .av-image-caption-overlay-center{\ncolor:#ffffff;\n}\n<\/style>\n<div  class='avia-image-container av-1n4um-c37cd3bc25a743e104de84943e44ace6 av-styling-circle avia-align-center  avia-builder-el-24  el_after_av_hr  avia-builder-el-last '   itemprop=\"image\" itemscope=\"itemscope\" itemtype=\"https:\/\/schema.org\/ImageObject\" ><div class=\"avia-image-container-inner\"><div class=\"avia-image-overlay-wrap\"><a href=\"https:\/\/fv-montanregion-erzgebirge.de\/montan\/kontakt\/\" class='avia_image' ><img decoding=\"async\" class='wp-image-1109 avia-img-lazy-loading-not-1109 avia_image ' src=\"https:\/\/fv-montanregion-erzgebirge.de\/montan\/wp-content\/uploads\/2019\/06\/b2-80x80.jpg\" alt='' title='b2'  height=\"80\" width=\"80\"  itemprop=\"thumbnailUrl\" srcset=\"https:\/\/fv-montanregion-erzgebirge.de\/montan\/wp-content\/uploads\/2019\/06\/b2-80x80.jpg 80w, https:\/\/fv-montanregion-erzgebirge.de\/montan\/wp-content\/uploads\/2019\/06\/b2-36x36.jpg 36w, https:\/\/fv-montanregion-erzgebirge.de\/montan\/wp-content\/uploads\/2019\/06\/b2-180x180.jpg 180w, https:\/\/fv-montanregion-erzgebirge.de\/montan\/wp-content\/uploads\/2019\/06\/b2-120x120.jpg 120w, https:\/\/fv-montanregion-erzgebirge.de\/montan\/wp-content\/uploads\/2019\/06\/b2-450x450.jpg 450w\" sizes=\"(max-width: 80px) 100vw, 80px\" \/><\/a><\/div><\/div><\/div><\/p><\/div>\n<style type=\"text\/css\" data-created_by=\"avia_inline_auto\" id=\"style-css-av-957ue-7f3edd2c88603c30bca048f929599cc1\">\n#top .hr.hr-invisible.av-957ue-7f3edd2c88603c30bca048f929599cc1{\nheight:80px;\n}\n<\/style>\n<div  class='hr av-957ue-7f3edd2c88603c30bca048f929599cc1 hr-invisible  avia-builder-el-25  el_after_av_one_third  avia-builder-el-last '><span class='hr-inner '><span class=\"hr-inner-style\"><\/span><\/span><\/div><\/p>\n","protected":false},"excerpt":{"rendered":"","protected":false},"author":1,"featured_media":0,"parent":0,"menu_order":0,"comment_status":"closed","ping_status":"closed","template":"","meta":{"footnotes":""},"class_list":["post-990","page","type-page","status-publish","hentry"],"_links":{"self":[{"href":"https:\/\/fv-montanregion-erzgebirge.de\/montan\/wp-json\/wp\/v2\/pages\/990","targetHints":{"allow":["GET"]}}],"collection":[{"href":"https:\/\/fv-montanregion-erzgebirge.de\/montan\/wp-json\/wp\/v2\/pages"}],"about":[{"href":"https:\/\/fv-montanregion-erzgebirge.de\/montan\/wp-json\/wp\/v2\/types\/page"}],"author":[{"embeddable":true,"href":"https:\/\/fv-montanregion-erzgebirge.de\/montan\/wp-json\/wp\/v2\/users\/1"}],"replies":[{"embeddable":true,"href":"https:\/\/fv-montanregion-erzgebirge.de\/montan\/wp-json\/wp\/v2\/comments?post=990"}],"version-history":[{"count":19,"href":"https:\/\/fv-montanregion-erzgebirge.de\/montan\/wp-json\/wp\/v2\/pages\/990\/revisions"}],"predecessor-version":[{"id":2313,"href":"https:\/\/fv-montanregion-erzgebirge.de\/montan\/wp-json\/wp\/v2\/pages\/990\/revisions\/2313"}],"wp:attachment":[{"href":"https:\/\/fv-montanregion-erzgebirge.de\/montan\/wp-json\/wp\/v2\/media?parent=990"}],"curies":[{"name":"wp","href":"https:\/\/api.w.org\/{rel}","templated":true}]}}